ousands digit of 443544?
3
What is the hundreds digit of 126395?
3
What is the hundreds digit of 242305?
3
What is the hundreds digit of 6027?
0
What is the hundred thousands digit of 6947047?
9
What is the hundred thousands digit of 15924434?
9
What is the ten thousands digit of 4160458?
6
What is the hundreds digit of 237681?
6
What is the ten thousands digit of 8177846?
7
What is the thousands digit of 4409626?
9
What is the thousands digit of 425608?
5
What is the hundreds digit of 1239340?
3
What is the hundreds digit of 190442?
4
What is the ten thousands digit of 191778?
9
What is the hundreds digit of 231876?
8
What is the ten thousands digit of 182393?
8
What is the units digit of 558350?
0
What is the millions digit of 1730785?
1
What is the tens digit of 888223?
2
What is the hundreds digit of 209458?
4
What is the tens digit of 490790?
9
What is the units digit of 2292382?
2
What is the millions digit of 1074925?
1
What is the millions digit of 9444724?
9
What is the thousands digit of 597747?
7
What is the units digit of 453175?
5
What is the thousands digit of 310036?
0
What is the thousands digit of 3730622?
0
What is the millions digit of 3138096?
3
What is the units digit of 5130177?
7
What is the units digit of 388655?
5
What is the tens digit of 515187?
8
What is the hundred thousands digit of 295052?
2
What is the millions digit of 3969916?
3
What is the millions digit of 6980969?
6
What is the thousands digit of 3772652?
2
What is the ten thousands digit of 2536739?
3
What is the hundred thousands digit of 13712351?
7
What is the hundred thousands digit of 1672240?
6
What is the tens digit of 116109?
0
What is the tens digit of 8249938?
3
What is the hundreds digit of 159290?
2
What is the units digit of 205418?
8
What is the hundreds digit of 433641?
6
What is the tens digit of 581788?
8
What is the hundred thousands digit of 276799?
2
What is the millions digit of 9062540?
9
What is the thousands digit of 63227?
3
What is the tens digit of 2290934?
3
What is the hundred thousands digit of 576146?
5
What is the ten thousands digit of 123914?
2
What is the tens digit of 1156667?
6
What is the ten thousands digit of 15456?
1
What is the thousands digit of 3085597?
5
What is the millions digit of 36322570?
6
What is the units digit of 19870?
0
What is the thousands digit of 5846000?
6
What is the hundreds digit of 1404392?
3
What is the units digit of 283666?
6
What is the thousands digit of 570546?
0
What is the tens digit of 184122?
2
What is the ten millions digit of 14546969?
1
What is the hundreds digit of 92244?
2
What is the hundreds digit of 174137?
1
What is the hundreds digit of 227596?
5
What is the thousands digit of 130518?
0
What is the tens digit of 379386?
8
What is the hundreds digit of 47419?
4
What is the hundred thousands digit of 2221793?
2
What is the hundreds digit of 37633586?
5
What is the hundreds digit of 7696744?
7
What is the thousands digit of 13931?
3
What is the units digit of 21244385?
5
What is the tens digit of 545186?
8
What is the hundred thousands digit of 39839153?
8
What is the units digit of 344507?
7
What is the tens digit of 7705282?
8
What is the ten millions digit of 10830578?
1
What is the units digit of 6489812?
2
What is the millions digit of 2923510?
2
What is the thousands digit of 12891683?
1
What is the hundreds digit of 34033954?
9
What is the hundreds digit of 9994914?
9
What is the hundred thousands digit of 580394?
5
What is the tens digit of 1238569?
6
What is the units digit of 1254613?
3
What is the ten thousands digit of 2248662?
4
What is the ten thousands digit of 1617808?
1
What is the units digit of 6974212?
2
What is the ten thousands digit of 922328?
2
What is the tens digit of 27501?
0
What is the tens digit of 631853?
5
What is the ten thousands digit of 179574?
7
What is the units digit of 2531241?
1
What is the tens digit of 129635?
3
What is the tens digit of 5255755?
5
What is the hundred thousands digit of 552025?
5
What is the tens digit of 699143?
4
What is the ten thousands digit of 51469?
5
What is the tens digit of 483201?
0
What is the hundred thousands digit of 900315?
9
What is the ten thousands digit of 9475353?
7
What is the ten thousands digit of 233505?
3
What is the units digit of 211343?
3
What is the thousands digit of 12161367?
1
What is the hundred thousands digit of 5297355?
2
What is the ten thousands digit of 2766668?
6
What is the ten thousands digit of 15737?
1
What is the millions digit of 9272099?
9
What is the ten thousands digit of 5751094?
5
What is the units digit of 651705?
5
What is the thousands digit of 653155?
3
What is the hundred thousands digit of 443880?
4
What is the thousands digit of 914778?
4
What is the tens digit of 2086512?
1
What is the ten thousands digit of 267750?
6
What is the thousands digit of 1173480?
3
What is the units digit of 448848?
8
What is the tens digit of 73024?
2
What is the millions digit of 1020434?
1
What is the hundreds digit of 22755586?
5
What is the ten thousands digit of 142416?
4
What is the millions digit of 34791873?
4
What is the thousands digit of 1172597?
2
What is the hundreds digit of 190758?
7
What is the ten thousands digit of 541244?
4
What is the tens digit of 1821662?
6
What is the units digit of 212607?
7
What is the hundreds digit of 1282541?
5
What is the tens digit of 60790?
9
What is the tens digit of 2713975?
7
What is the hundred thousands digit of 186796?
1
What is the units digit of 444063?
3
What is the ten thousands digit of 1452388?
5
What is the hundreds digit of 733945?
9
What is the hundred thousands digit of 819837?
8
What is the ten thousands digit of 3549609?
4
What is the units digit of 1752183?
3
What is the thousands digit of 7306693?
6
What is the thousands digit of 5389838?
9
What is the hundreds digit of 5225545?
5
What is the units digit of 2625137?
7
What is the ten thousands digit of 443469?
4
What is the ten thousands digit of 12573828?
7
What is the tens digit of 4207850?
5
What is the tens digit of 148474?
7
What is the hundreds digit of 17242?
2
What is the units digit of 72427?
7
What is the units digit of 1245046?
6
What is the ten thousands digit of 24273?
2
What is the tens digit of 2500802?
0
What is the hundred thousands digit of 290147?
2
What is the units digit of 225523?
3
What is the thousands digit of 179776?
9
What is the thousands digit of 377318?
7
What is the hundred thousands digit of 693275?
6
What is the units digit of 4687565?
5
What is the ten thousands digit of 3937772?
3
What is the hundreds digit of 61983?
9
What is the hundreds digit of 7850836?
8
What is the tens digit of 5629166?
6
What is the thousands digit of 18372015?
2
What is the hundreds digit of 311721?
7
What is the tens digit of 6159048?
4
What is the tens digit of 201558?
5
What is the units digit of 2081275?
5
What is the hundreds digit of 261954?
9
What is the thousands digit of 2848839?
8
What is the thousands digit of 283405?
3
What is the units digit of 23340199?
9
What is the thousands digit of 1199844?
9
What is the hundred thousands digit of 590985?
5
What is the thousands digit of 8446789?
6
What is the tens digit of 194216?
1
What is the ten thousands digit of 2134229?
3
What is the millions digit of 10680903?
0
What is the tens digit of 295401?
0
What is the millions digit of 1737837?
1
What is the ten thousands digit of 266047?
6
What is the tens digit of 82905?
0
What is the ten thousands digit of 3752770?
5
What is the hundred thousands digit of 3469477?
4
What is the tens digit of 1825098?
9
What is the units digit of 175560?
0
What is the hundred thousands digit of 1116186?
1
What is the hundred thousands digit of 5983161?
9
What is the tens digit of 750612?
1
What is the units digit of 499643?
3
What is the hundred thousands digit of 2925984?
9
What is the millions digit of 13023685?
3
What is the hundreds digit of 465730?
7
What is the ten thousands digit of 175409?
7
What is the hundred thousands digit of 12692467?
6
What is the hundred thousands digit of 182437?
1
What is the millions digit of 1717854?
1
What is the ten millions digit of 34729211?
3
What is the units digit of 107008?
8
What is the thousands digit of 105167?
5
Wha